{"id":164,"date":"2019-03-13T06:42:07","date_gmt":"2019-03-13T06:42:07","guid":{"rendered":"http:\/\/localhost\/buildbench\/?page_id=164"},"modified":"2024-11-11T19:59:18","modified_gmt":"2024-11-11T19:59:18","slug":"aviso-de-privacidad","status":"publish","type":"page","link":"https:\/\/maqifa.com\/?page_id=164","title":{"rendered":"Aviso de privacidad"},"content":{"rendered":"\t\t<div data-elementor-type=\"wp-post\" data-elementor-id=\"164\" class=\"elementor elementor-164\">\n\t\t\t\t\t\t\t\t\t<section class=\"elementor-section elementor-top-section elementor-element elementor-element-62aeeae elementor-section-boxed elementor-section-height-default elementor-section-height-default\" data-id=\"62aeeae\" data-element_type=\"section\">\n\t\t\t\t\t\t<div class=\"elementor-container elementor-column-gap-default\">\n\t\t\t\t\t<div class=\"elementor-column elementor-col-100 elementor-top-column elementor-element elementor-element-ac24b2c\" data-id=\"ac24b2c\" data-element_type=\"column\">\n\t\t\t<div class=\"elementor-widget-wrap elementor-element-populated\">\n\t\t\t\t\t\t\t\t<div class=\"elementor-element elementor-element-0cdc458 elementor-widget elementor-widget-text-editor\" data-id=\"0cdc458\" data-element_type=\"widget\" data-widget_type=\"text-editor.default\">\n\t\t\t\t<div class=\"elementor-widget-container\">\n\t\t\t<style>\/*! elementor - v3.14.0 - 26-06-2023 *\/\n.elementor-widget-text-editor.elementor-drop-cap-view-stacked .elementor-drop-cap{background-color:#69727d;color:#fff}.elementor-widget-text-editor.elementor-drop-cap-view-framed .elementor-drop-cap{color:#69727d;border:3px solid;background-color:transparent}.elementor-widget-text-editor:not(.elementor-drop-cap-view-default) .elementor-drop-cap{margin-top:8px}.elementor-widget-text-editor:not(.elementor-drop-cap-view-default) .elementor-drop-cap-letter{width:1em;height:1em}.elementor-widget-text-editor .elementor-drop-cap{float:left;text-align:center;line-height:1;font-size:50px}.elementor-widget-text-editor .elementor-drop-cap-letter{display:inline-block}<\/style>\t\t\t\t<p>En\u00a0 MAQIFA, nos comprometemos a proteger y respetar tu privacidad. Este aviso de privacidad establece c\u00f3mo recopilamos, usamos y protegemos la informaci\u00f3n personal que nos proporcionas cuando visitas nuestro sitio web o utilizas nuestros servicios.<\/p><p>Informaci\u00f3n que recopilamos:<\/p><p>Cuando interact\u00faas con nuestro sitio web o utilizas nuestros servicios, podemos recopilar la siguiente informaci\u00f3n personal:<\/p><ol><li><p>Informaci\u00f3n de contacto: Nombre, direcci\u00f3n de correo electr\u00f3nico, n\u00famero de tel\u00e9fono y cualquier otra informaci\u00f3n de contacto que decidas proporcionarnos.<\/p><\/li><li><p>Informaci\u00f3n de la empresa: Si representas a una empresa, podemos recopilar informaci\u00f3n sobre la empresa, como su nombre, direcci\u00f3n y n\u00famero de identificaci\u00f3n fiscal.<\/p><\/li><li><p>Informaci\u00f3n de la transacci\u00f3n: Si realizas una compra o alquilas una plataforma de elevaci\u00f3n industrial, podemos recopilar informaci\u00f3n relacionada con la transacci\u00f3n, como los detalles de facturaci\u00f3n y env\u00edo.<\/p><\/li><li><p>Informaci\u00f3n de uso del sitio web: Recopilamos informaci\u00f3n sobre c\u00f3mo utilizas nuestro sitio web, incluyendo las p\u00e1ginas que visitas, el tiempo que pasas en cada p\u00e1gina y otros datos de an\u00e1lisis.<\/p><\/li><\/ol><p>Uso de la informaci\u00f3n recopilada:<\/p><p>Utilizamos la informaci\u00f3n recopilada para los siguientes prop\u00f3sitos:<\/p><ol><li><p>Procesamiento de pedidos: Utilizamos la informaci\u00f3n de contacto y la informaci\u00f3n de la transacci\u00f3n para procesar tus pedidos de alquiler o compra de plataformas de elevaci\u00f3n industrial.<\/p><\/li><li><p>Comunicaciones: Podemos utilizar tu informaci\u00f3n de contacto para comunicarnos contigo acerca de tu pedido, proporcionarte informaci\u00f3n sobre nuestros servicios o responder a tus consultas y solicitudes.<\/p><\/li><li><p>Mejora de nuestros servicios: Analizamos la informaci\u00f3n recopilada para mejorar nuestros productos y servicios, as\u00ed como para personalizar tu experiencia en nuestro sitio web.<\/p><\/li><li><p>Cumplimiento legal: Podemos utilizar tu informaci\u00f3n personal para cumplir con nuestras obligaciones legales, como responder a requerimientos legales y regulatorios o para proteger nuestros derechos legales.<\/p><\/li><\/ol><p>Protecci\u00f3n de la informaci\u00f3n:<\/p><p>Nos comprometemos a proteger la seguridad de tu informaci\u00f3n personal. Utilizamos medidas t\u00e9cnicas y organizativas adecuadas para proteger tus datos contra el acceso no autorizado, la divulgaci\u00f3n o la alteraci\u00f3n.<\/p><p>Divulgaci\u00f3n de informaci\u00f3n a terceros:<\/p><p>No compartimos tu informaci\u00f3n personal con terceros, excepto en las siguientes circunstancias:<\/p><ol><li><p>Proveedores de servicios: Podemos compartir tu informaci\u00f3n con proveedores de servicios de confianza que nos ayudan a procesar pedidos, enviar correos electr\u00f3nicos u ofrecer servicios en nuestro nombre. Estos proveedores est\u00e1n sujetos a acuerdos de confidencialidad y solo pueden utilizar tu informaci\u00f3n para los fines espec\u00edficos para los que se les ha contratado.<\/p><\/li><li><p>Cumplimiento legal: Podemos divulgar tu informaci\u00f3n personal cuando sea necesario para cumplir con una obligaci\u00f3n legal, como responder a requerimientos legales y regulatorios, o cuando creemos de buena fe que la divulgaci\u00f3n es necesaria para proteger nuestros derechos legales.<\/p><\/li><\/ol><p>Tus derechos:<\/p><p>Tienes el derecho de acceder, corregir, modificar o eliminar tu informaci\u00f3n personal. Si deseas ejercer alguno de estos derechos, ponte en contacto con nosotros utilizando la informaci\u00f3n que se proporciona al final de este aviso de privacidad.<\/p><p>Cambios en nuestro aviso de privacidad:<\/p><p>Nos reservamos el derecho de modificar este aviso de privacidad en cualquier momento. Cualquier cambio que realicemos se publicar\u00e1 en esta p\u00e1gina, por lo que te recomendamos que revises peri\u00f3dicamente esta secci\u00f3n.<\/p><p>Contacto:<\/p><p>Si tienes alguna pregunta, inquietud o solicitud relacionada con este aviso de privacidad, por favor cont\u00e1ctanos:<\/p><p>MAQIFA\u00a0<\/p><p>Tel\u00e9fono: 5630303093<\/p><p>Correo electr\u00f3nico: info@maqifa.com<\/p>\t\t\t\t\t\t<\/div>\n\t\t\t\t<\/div>\n\t\t\t\t\t<\/div>\n\t\t<\/div>\n\t\t\t\t\t\t\t<\/div>\n\t\t<\/section>\n\t\t\t\t\t\t\t<\/div>\n\t\t","protected":false},"excerpt":{"rendered":"<p>En\u00a0 MAQIFA, nos comprometemos a proteger y respetar tu privacidad. Este aviso de privacidad establece c\u00f3mo recopilamos, usamos y protegemos la informaci\u00f3n personal que nos proporcionas cuando visitas nuestro sitio web o utilizas nuestros servicios. Informaci\u00f3n que recopilamos: Cuando interact\u00faas con nuestro sitio web o utilizas nuestros servicios, podemos recopilar la siguiente informaci\u00f3n personal: Informaci\u00f3n [&hellip;]<\/p>\n","protected":false},"author":1,"featured_media":0,"parent":0,"menu_order":0,"comment_status":"closed","ping_status":"closed","template":"template\/full-width-template.php","meta":{"footnotes":""},"class_list":["post-164","page","type-page","status-publish","hentry"],"_links":{"self":[{"href":"https:\/\/maqifa.com\/index.php?rest_route=\/wp\/v2\/pages\/164","targetHints":{"allow":["GET"]}}],"collection":[{"href":"https:\/\/maqifa.com\/index.php?rest_route=\/wp\/v2\/pages"}],"about":[{"href":"https:\/\/maqifa.com\/index.php?rest_route=\/wp\/v2\/types\/page"}],"author":[{"embeddable":true,"href":"https:\/\/maqifa.com\/index.php?rest_route=\/wp\/v2\/users\/1"}],"replies":[{"embeddable":true,"href":"https:\/\/maqifa.com\/index.php?rest_route=%2Fwp%2Fv2%2Fcomments&post=164"}],"version-history":[{"count":11,"href":"https:\/\/maqifa.com\/index.php?rest_route=\/wp\/v2\/pages\/164\/revisions"}],"predecessor-version":[{"id":3006,"href":"https:\/\/maqifa.com\/index.php?rest_route=\/wp\/v2\/pages\/164\/revisions\/3006"}],"wp:attachment":[{"href":"https:\/\/maqifa.com\/index.php?rest_route=%2Fwp%2Fv2%2Fmedia&parent=164"}],"curies":[{"name":"wp","href":"https:\/\/api.w.org\/{rel}","templated":true}]}}